{"id":511,"date":"2023-05-25T20:34:00","date_gmt":"2023-05-25T23:34:00","guid":{"rendered":"http:\/\/www.disneyguia.com.br\/site\/?page_id=511"},"modified":"2023-06-12T19:06:20","modified_gmt":"2023-06-12T22:06:20","slug":"10-roubadas-orlando-cuidado-com-seus-pertences-6","status":"publish","type":"page","link":"https:\/\/www.disneyguia.com.br\/site\/10-roubadas-orlando-cuidado-com-seus-pertences-6\/","title":{"rendered":"Roubadas em Orlando &#8211; Cuidado Com Seus Pertences"},"content":{"rendered":"\n<p>Essa \u00e9 outra dica que pode parecer \u00f3bvia, mas \u00e9 muito importante! Situa\u00e7\u00f5es de roubo em Orlando podem acontecer. Al\u00e9m disso, \u00e9 muito f\u00e1cil perder as coisas em uma viagem \u00e0 Orlando.<\/p>\n\n\n\n<p><strong>Primeiro<\/strong> porque est\u00e3o todos de f\u00e9rias, animados e empolgados, com os parques, compras, etc, e por isso <strong>as pessoas naturalmente acabam ficando mais distra\u00eddas<\/strong> do que de costume.<\/p>\n\n\n\n<p><strong>Segundo<\/strong> porque os parques e shoppings normalmente s\u00e3o cheios, o que faz com que seja mais f\u00e1cil algu\u00e9m esquecer alguma coisa em algum lugar.<\/p>\n\n\n\n<p>E <strong>terceiro<\/strong> porque normalmente os dias s\u00e3o bem cheios e muitas vezes estamos com pressa para conseguir fazer o m\u00e1ximo de coisas poss\u00edvel naquele dia. Nessa pressa, muitas vezes as pessoas esquecem o cart\u00e3o de cr\u00e9dito no caixa, ou alguma sacola, ou at\u00e9 a pr\u00f3pria compra que ela acabou de fazer!<\/p>\n\n\n\n<figure class=\"wp-block-image\"><a href=\"https:\/\/i0.wp.com\/www.disneyguia.com.br\/site\/wp-content\/uploads\/2014\/08\/8155460164_b100080035_z-e1409106496673.jpg\"><img data-recalc-dims=\"1\" loading=\"lazy\" decoding=\"async\" width=\"600\" height=\"437\" src=\"https:\/\/i0.wp.com\/c3.disneyguia.com.br\/site\/wp-content\/uploads\/2014\/08\/25203400\/8155460164_b100080035_z-e1409106641887.jpg?resize=600%2C437&#038;ssl=1\" alt=\"8155460164_b100080035_z\" class=\"wp-image-561\" srcset=\"https:\/\/c3.disneyguia.com.br\/site\/wp-content\/uploads\/2014\/08\/25203400\/8155460164_b100080035_z-e1409106641887.jpg 600w, https:\/\/c3.disneyguia.com.br\/site\/wp-content\/uploads\/2014\/08\/25203400\/8155460164_b100080035_z-e1409106641887.jpg 300w\" sizes=\"auto, (max-width: 600px) 100vw, 600px\" \/><\/a><\/figure>\n\n\n\n<p>Al\u00e9m de ser bem chato perder itens pessoais ou sacolas de compras, dependendo do que voc\u00ea perdeu, ainda pode ter muitos transtornos. Por exemplo, se voc\u00ea perder seu passaporte, vai ter que ir at\u00e9 o Consulado do Brasil tirar outro.<\/p>\n\n\n\n<p>Al\u00e9m disso, tamb\u00e9m \u00e9 preciso <strong>tomar muito cuidado com Furtos<\/strong>, que podem acontecer em Orlando. Principalmente em lugares muito cheios. Por isso, vou listar algumas dicas abaixo para que voc\u00ea possa evitar o transtorno de perder seus itens pessoais.<\/p>\n\n\n\n<p>Pra quem anda com bolsas, evite a bolsa de ombro que usamos no dia \u00e0 dia. Prefira a <strong>bolsa transpassada <\/strong>(como na foto abaixo). Dessa maneira, voc\u00ea tem as duas m\u00e3os livres, e n\u00e3o precisa apoiar a bolsa em algum lugar toda vez que precisar usar as m\u00e3os para alguma coisa.<\/p>\n\n\n\n<figure class=\"wp-block-image\"><a href=\"https:\/\/i0.wp.com\/c3.disneyguia.com.br\/site\/wp-content\/uploads\/2014\/08\/25203400\/10-Roubadas-PAGE-6-IMG-1-e1409106756433.jpg?ssl=1\"><img data-recalc-dims=\"1\" loading=\"lazy\" decoding=\"async\" width=\"600\" height=\"400\" src=\"https:\/\/i0.wp.com\/c3.disneyguia.com.br\/site\/wp-content\/uploads\/2014\/08\/25203400\/10-Roubadas-PAGE-6-IMG-1-e1409106756433.jpg?resize=600%2C400&#038;ssl=1\" alt=\"10 Roubadas-PAGE 6 IMG 1\" class=\"wp-image-563\" srcset=\"https:\/\/c3.disneyguia.com.br\/site\/wp-content\/uploads\/2014\/08\/25203400\/10-Roubadas-PAGE-6-IMG-1-e1409106756433.jpg 600w, https:\/\/c3.disneyguia.com.br\/site\/wp-content\/uploads\/2014\/08\/25203400\/10-Roubadas-PAGE-6-IMG-1-e1409106756433.jpg 300w\" sizes=\"auto, (max-width: 600px) 100vw, 600px\" \/><\/a><\/figure>\n\n\n\n<p>Outra op\u00e7\u00e3o \u00e9 <strong>usar uma pequena<\/strong> <strong>mochila<\/strong>, que voc\u00ea pode revezar com os outros membros do grupo \u2013 cada hora um carrega.<\/p>\n\n\n\n<h2 class=\"wp-block-heading\" id=\"h-o-que-fazer-e-o-que-nao-fazer\"><strong><span style=\"color: #000080;\">O que fazer e o que n\u00e3o fazer:<\/span><\/strong><\/h2>\n\n\n\n<h5 class=\"wp-block-heading\"><\/h5>\n\n\n\n<p><strong>\u2666 N\u00e3o apoie bolsas e sacolas nos balc\u00f5es<\/strong> e outras superf\u00edcies da loja. Se voc\u00ea sair apressado da loja, pode esquecer suas sacolas l\u00e1. Al\u00e9m disso, \u00e9 assim que os furtos acontecem.<\/p>\n\n\n\n<p><strong><strong>\u2666&nbsp;<\/strong>Evite carregar v\u00e1rias sacolas ao mesmo tempo. <\/strong>Se tiver muitas compras, pegue uma sacola grande em uma das lojas e coloque todas as sacolas menores l\u00e1 dentro. Assim, carregando menos volumes, \u00e9 mais f\u00e1cil dar falta de alguma coisa que pode ter ficado pra tr\u00e1s.<\/p>\n\n\n\n<p><strong><strong>\u2666&nbsp;<\/strong>Cuidado ao entrar em lojas muito cheias.<\/strong> \u00c9 l\u00e1 que os ladr\u00f5es gostam de agir e muitas vezes voc\u00ea s\u00f3 vai dar falta da sua carteira horas depois. Esteja sempre atento!<\/p>\n\n\n\n<p><strong><strong>\u2666&nbsp;<\/strong>Esteja sempre atento!<\/strong>!! O ideal \u00e9 combinar com a fam\u00edlia toda, que cada um cuida das coisas dos outros. Por exemplo, voc\u00ea fica sempre de olho nos itens dos outros, se a mochila ou bolsa est\u00e3o abertas, se eles est\u00e3o carregando suas sacolas, etc&#8230; e eles fazem o mesmo com voc\u00ea.<\/p>\n\n\n\n<p><strong><strong>\u2666&nbsp;<\/strong>N\u00e3o deixe eletr\u00f4nicos e itens de valor a vista<\/strong> dentro do quarto. Deixe-os sempre guardados no cofre ou trancados na mala. E jogue as caixas dos eletr\u00f4nicos fora para n\u00e3o chamar muita aten\u00e7\u00e3o.<\/p>\n\n\n\n<p><strong><strong>\u2666&nbsp;Cuidado<\/strong>&nbsp;com o passaporte original!<\/strong> Tire xerox das 3 primeiras p\u00e1ginas do passaporte e da p\u00e1gina do Visto Americano, e ande com essas c\u00f3pias e a CNH ou RG. \u00c9 interessante tamb\u00e9m, deixar uma c\u00f3pia do seu passaporte escaneada no seu smartphone. Se voc\u00ea quiser andar com o seu passaporte, recomendo que coloque dentro da doleira ou da pochete. N\u00e3o recomendo colocar o passaporte em mochilas ou bolsas que podem ser facilmente perdidas ou esquecidas em algum lugar.<\/p>\n\n\n\n<figure class=\"wp-block-image\"><a href=\"https:\/\/i0.wp.com\/c3.disneyguia.com.br\/site\/wp-content\/uploads\/2014\/08\/25203400\/MG_3125_1-e1409093534731.jpg?ssl=1\"><img data-recalc-dims=\"1\" loading=\"lazy\" decoding=\"async\" width=\"600\" height=\"384\" src=\"https:\/\/i0.wp.com\/c3.disneyguia.com.br\/site\/wp-content\/uploads\/2014\/08\/25203400\/MG_3125_1-e1409093534731.jpg?resize=600%2C384&#038;ssl=1\" alt=\"_MG_3125_1\" class=\"wp-image-554\" srcset=\"https:\/\/c3.disneyguia.com.br\/site\/wp-content\/uploads\/2014\/08\/25203400\/MG_3125_1-e1409093534731.jpg 600w, https:\/\/c3.disneyguia.com.br\/site\/wp-content\/uploads\/2014\/08\/25203400\/MG_3125_1-e1409093534731.jpg 300w\" sizes=\"auto, (max-width: 600px) 100vw, 600px\" \/><\/a><\/figure>\n\n\n\n<p><\/p>\n\n\n\n<p><strong>\u2666&nbsp;N\u00e3o deixe as compras \u00e0 vista no carro.<\/strong> Muita gente sai do shopping\/outlet, lota o porta-malas do carro de compras e vai jantar, deixando o carro estacionado e as compras \u00e0 vista no porta-malas. N\u00e3o fa\u00e7a isso, para evitar casos de arrombamento do carro.<\/p>\n\n\n\n<p>Se poss\u00edvel, leve suas compras pro hotel antes de jantar. Se n\u00e3o for poss\u00edvel, uma dica que eu sempre fa\u00e7o \u00e9: <strong>comprar um pano preto no Walmart no primeiro dia<\/strong> (na se\u00e7\u00e3o de artesanato do Walmart tem uns tecidos baratos) e colocar esse tecido (\u00e9 tipo um cobertor) no porta-malas, por cima das compras. <strong>O tecido preto se confunde com o resto do porta-malas<\/strong> que \u00e9 preto. Quem olha de fora tem a impress\u00e3o de que o porta-malas est\u00e1 vazio.<\/p>\n\n\n\n<h2 class=\"wp-block-heading\" id=\"h-o-que-fazer-se-eu-perder-alguma-coisa\"><span style=\"color: #000080;\"><strong>O que fazer se eu perder alguma coisa?<\/strong><\/span><\/h2>\n\n\n\n<p><strong><strong>\u2666&nbsp;<\/strong><\/strong>Primeiramente, <strong>v\u00e1 ao Achados e Perdidos<\/strong> do local em que voc\u00ea est\u00e1. Muitas vezes as coisas s\u00e3o encontradas e devolvidas. Sim, ainda existe muita gente honesta no mundo. Caso n\u00e3o tenha nada l\u00e1, <strong>pegue o telefone deles,<\/strong> pois muitas vezes os itens encontrados s\u00f3 chegam l\u00e1 no final do dia.<\/p>\n\n\n\n<p><strong><strong><strong>\u2666&nbsp;<\/strong><\/strong>Se voc\u00ea perder cart\u00f5es de cr\u00e9dito, ligue para a operadora do cart\u00e3o e cancele IMEDIATAMENTE! <\/strong>Nos EUA nem sempre \u00e9 preciso da senha para fazer compras com cart\u00e3o, ent\u00e3o se algu\u00e9m de m\u00e1 f\u00e9 achou, pode sair usando na mesma hora.<\/p>\n\n\n\n<p><strong><strong><strong>\u2666&nbsp;<\/strong><\/strong>Se voc\u00ea perder o seu Passaporte, a coisa \u00e9 um pouco mais complicada.<\/strong><br>Voc\u00ea dever\u00e1 entrar em contato com o cosulado brasileiro e provavelmente vai precisar de uma ARB &#8211; Autoriza\u00e7\u00e3o de Retorno ao Brasil. Mas, cada caso \u00e9 um caso, ent\u00e3o o melhor \u00e9 entrar em contato diretamente com o consulado e explicar o seu caso. Mais detalhes e formas de contato aqui: <a href=\"https:\/\/www.gov.br\/mre\/pt-br\/consulado-orlando\" target=\"_blank\" rel=\"noopener\">https:\/\/www.gov.br\/mre\/pt-br\/consulado-orlando<\/a><\/p>\n\n\n\n<p>&nbsp;<\/p>\n\n\n\n<p>E a\u00ed, gostou dessas dicas? Fique ligado no nosso <a href=\"https:\/\/t.me\/ananovaisorlando\" target=\"_blank\" rel=\"noopener noreferrer\"><strong>Canal do Telegram<\/strong><\/a> e no nosso <a href=\"https:\/\/www.instagram.com\/ananovais_orlando\/\" target=\"_blank\" rel=\"noopener noreferrer\"><strong>Instagram<\/strong> <\/a>para mais dicas como essa! Ah, e n\u00e3o deixe de ver nossos <a href=\"https:\/\/www.youtube.com\/ananovais?sub_confirmation=1\" target=\"_blank\" rel=\"noopener noreferrer\"><strong>v\u00eddeos do Youtube<\/strong><\/a>, com muito mais dicas!<\/p>\n","protected":false},"excerpt":{"rendered":"<p>Essa \u00e9 outra dica que pode parecer \u00f3bvia, mas \u00e9 muito importante! Situa\u00e7\u00f5es de roubo em Orlando podem acontecer. Al\u00e9m disso, \u00e9 muito f\u00e1cil perder as coisas em uma viagem \u00e0 Orlando. Primeiro porque est\u00e3o todos de f\u00e9rias, animados e empolgados, com os parques, compras, etc, e por isso as pessoas naturalmente acabam ficando mais [&hellip;]<\/p>\n","protected":false},"author":3,"featured_media":0,"parent":0,"menu_order":0,"comment_status":"closed","ping_status":"closed","template":"","meta":{"footnotes":""},"class_list":["post-511","page","type-page","status-publish","hentry"],"yoast_head":"<!-- This site is optimized with the Yoast SEO Premium plugin v20.5 (Yoast SEO v26.9) - https:\/\/yoast.com\/product\/yoast-seo-premium-wordpress\/ -->\n<title>Roubadas em Orlando - Cuidado Com Seus Pertences | Disney Guia<\/title>\n<meta name=\"description\" content=\"O que fazer se voc\u00ea perder o seu passaporte em Orlando? Dicas para evitar furtos e roubos na sua viagem e evitar roubadas\" \/>\n<meta name=\"robots\" content=\"index, follow, max-snippet:-1, max-image-preview:large, max-video-preview:-1\" \/>\n<link rel=\"canonical\" href=\"https:\/\/www.disneyguia.com.br\/site\/10-roubadas-orlando-cuidado-com-seus-pertences-6\/\" \/>\n<meta property=\"og:locale\" content=\"en_US\" \/>\n<meta property=\"og:type\" content=\"article\" \/>\n<meta property=\"og:title\" content=\"Roubadas em Orlando - Cuidado Com Seus Pertences\" \/>\n<meta property=\"og:description\" content=\"O que fazer se voc\u00ea perder o seu passaporte em Orlando? Dicas para evitar furtos e roubos na sua viagem e evitar roubadas\" \/>\n<meta property=\"og:url\" content=\"https:\/\/www.disneyguia.com.br\/site\/10-roubadas-orlando-cuidado-com-seus-pertences-6\/\" \/>\n<meta property=\"og:site_name\" content=\"Disney Guia\" \/>\n<meta property=\"article:publisher\" content=\"https:\/\/www.facebook.com\/ananovais\" \/>\n<meta property=\"article:modified_time\" content=\"2023-06-12T22:06:20+00:00\" \/>\n<meta property=\"og:image\" content=\"https:\/\/www.disneyguia.com.br\/site\/wp-content\/uploads\/2014\/08\/8155460164_b100080035_z-e1409106641887.jpg\" \/>\n<meta name=\"twitter:label1\" content=\"Est. reading time\" \/>\n\t<meta name=\"twitter:data1\" content=\"5 minutes\" \/>\n<script type=\"application\/ld+json\" class=\"yoast-schema-graph\">{\"@context\":\"https:\/\/schema.org\",\"@graph\":[{\"@type\":\"WebPage\",\"@id\":\"https:\/\/www.disneyguia.com.br\/site\/10-roubadas-orlando-cuidado-com-seus-pertences-6\/\",\"url\":\"https:\/\/www.disneyguia.com.br\/site\/10-roubadas-orlando-cuidado-com-seus-pertences-6\/\",\"name\":\"Roubadas em Orlando - Cuidado Com Seus Pertences | Disney Guia\",\"isPartOf\":{\"@id\":\"https:\/\/www.disneyguia.com.br\/site\/#website\"},\"primaryImageOfPage\":{\"@id\":\"https:\/\/www.disneyguia.com.br\/site\/10-roubadas-orlando-cuidado-com-seus-pertences-6\/#primaryimage\"},\"image\":{\"@id\":\"https:\/\/www.disneyguia.com.br\/site\/10-roubadas-orlando-cuidado-com-seus-pertences-6\/#primaryimage\"},\"thumbnailUrl\":\"https:\/\/www.disneyguia.com.br\/site\/wp-content\/uploads\/2014\/08\/8155460164_b100080035_z-e1409106641887.jpg\",\"datePublished\":\"2023-05-25T23:34:00+00:00\",\"dateModified\":\"2023-06-12T22:06:20+00:00\",\"description\":\"O que fazer se voc\u00ea perder o seu passaporte em Orlando? Dicas para evitar furtos e roubos na sua viagem e evitar roubadas\",\"breadcrumb\":{\"@id\":\"https:\/\/www.disneyguia.com.br\/site\/10-roubadas-orlando-cuidado-com-seus-pertences-6\/#breadcrumb\"},\"inLanguage\":\"en-US\",\"potentialAction\":[{\"@type\":\"ReadAction\",\"target\":[\"https:\/\/www.disneyguia.com.br\/site\/10-roubadas-orlando-cuidado-com-seus-pertences-6\/\"]}]},{\"@type\":\"ImageObject\",\"inLanguage\":\"en-US\",\"@id\":\"https:\/\/www.disneyguia.com.br\/site\/10-roubadas-orlando-cuidado-com-seus-pertences-6\/#primaryimage\",\"url\":\"https:\/\/i0.wp.com\/c3.disneyguia.com.br\/site\/wp-content\/uploads\/2014\/08\/25203400\/8155460164_b100080035_z-e1409106641887.jpg?fit=600%2C437&ssl=1\",\"contentUrl\":\"https:\/\/i0.wp.com\/c3.disneyguia.com.br\/site\/wp-content\/uploads\/2014\/08\/25203400\/8155460164_b100080035_z-e1409106641887.jpg?fit=600%2C437&ssl=1\",\"width\":600,\"height\":437},{\"@type\":\"BreadcrumbList\",\"@id\":\"https:\/\/www.disneyguia.com.br\/site\/10-roubadas-orlando-cuidado-com-seus-pertences-6\/#breadcrumb\",\"itemListElement\":[{\"@type\":\"ListItem\",\"position\":1,\"name\":\"In\u00edcio\",\"item\":\"https:\/\/www.disneyguia.com.br\/site\/\"},{\"@type\":\"ListItem\",\"position\":2,\"name\":\"Roubadas em Orlando &#8211; Cuidado Com Seus Pertences\"}]},{\"@type\":\"WebSite\",\"@id\":\"https:\/\/www.disneyguia.com.br\/site\/#website\",\"url\":\"https:\/\/www.disneyguia.com.br\/site\/\",\"name\":\"Disney Guia\",\"description\":\"Dicas e Roteiros pra Disney e Orlando\",\"potentialAction\":[{\"@type\":\"SearchAction\",\"target\":{\"@type\":\"EntryPoint\",\"urlTemplate\":\"https:\/\/www.disneyguia.com.br\/site\/?s={search_term_string}\"},\"query-input\":{\"@type\":\"PropertyValueSpecification\",\"valueRequired\":true,\"valueName\":\"search_term_string\"}}],\"inLanguage\":\"en-US\"}]}<\/script>\n<!-- \/ Yoast SEO Premium plugin. -->","yoast_head_json":{"title":"Roubadas em Orlando - Cuidado Com Seus Pertences | Disney Guia","description":"O que fazer se voc\u00ea perder o seu passaporte em Orlando? Dicas para evitar furtos e roubos na sua viagem e evitar roubadas","robots":{"index":"index","follow":"follow","max-snippet":"max-snippet:-1","max-image-preview":"max-image-preview:large","max-video-preview":"max-video-preview:-1"},"canonical":"https:\/\/www.disneyguia.com.br\/site\/10-roubadas-orlando-cuidado-com-seus-pertences-6\/","og_locale":"en_US","og_type":"article","og_title":"Roubadas em Orlando - Cuidado Com Seus Pertences","og_description":"O que fazer se voc\u00ea perder o seu passaporte em Orlando? Dicas para evitar furtos e roubos na sua viagem e evitar roubadas","og_url":"https:\/\/www.disneyguia.com.br\/site\/10-roubadas-orlando-cuidado-com-seus-pertences-6\/","og_site_name":"Disney Guia","article_publisher":"https:\/\/www.facebook.com\/ananovais","article_modified_time":"2023-06-12T22:06:20+00:00","og_image":[{"url":"https:\/\/www.disneyguia.com.br\/site\/wp-content\/uploads\/2014\/08\/8155460164_b100080035_z-e1409106641887.jpg","type":"","width":"","height":""}],"twitter_misc":{"Est. reading time":"5 minutes"},"schema":{"@context":"https:\/\/schema.org","@graph":[{"@type":"WebPage","@id":"https:\/\/www.disneyguia.com.br\/site\/10-roubadas-orlando-cuidado-com-seus-pertences-6\/","url":"https:\/\/www.disneyguia.com.br\/site\/10-roubadas-orlando-cuidado-com-seus-pertences-6\/","name":"Roubadas em Orlando - Cuidado Com Seus Pertences | Disney Guia","isPartOf":{"@id":"https:\/\/www.disneyguia.com.br\/site\/#website"},"primaryImageOfPage":{"@id":"https:\/\/www.disneyguia.com.br\/site\/10-roubadas-orlando-cuidado-com-seus-pertences-6\/#primaryimage"},"image":{"@id":"https:\/\/www.disneyguia.com.br\/site\/10-roubadas-orlando-cuidado-com-seus-pertences-6\/#primaryimage"},"thumbnailUrl":"https:\/\/www.disneyguia.com.br\/site\/wp-content\/uploads\/2014\/08\/8155460164_b100080035_z-e1409106641887.jpg","datePublished":"2023-05-25T23:34:00+00:00","dateModified":"2023-06-12T22:06:20+00:00","description":"O que fazer se voc\u00ea perder o seu passaporte em Orlando? Dicas para evitar furtos e roubos na sua viagem e evitar roubadas","breadcrumb":{"@id":"https:\/\/www.disneyguia.com.br\/site\/10-roubadas-orlando-cuidado-com-seus-pertences-6\/#breadcrumb"},"inLanguage":"en-US","potentialAction":[{"@type":"ReadAction","target":["https:\/\/www.disneyguia.com.br\/site\/10-roubadas-orlando-cuidado-com-seus-pertences-6\/"]}]},{"@type":"ImageObject","inLanguage":"en-US","@id":"https:\/\/www.disneyguia.com.br\/site\/10-roubadas-orlando-cuidado-com-seus-pertences-6\/#primaryimage","url":"https:\/\/i0.wp.com\/c3.disneyguia.com.br\/site\/wp-content\/uploads\/2014\/08\/25203400\/8155460164_b100080035_z-e1409106641887.jpg?fit=600%2C437&ssl=1","contentUrl":"https:\/\/i0.wp.com\/c3.disneyguia.com.br\/site\/wp-content\/uploads\/2014\/08\/25203400\/8155460164_b100080035_z-e1409106641887.jpg?fit=600%2C437&ssl=1","width":600,"height":437},{"@type":"BreadcrumbList","@id":"https:\/\/www.disneyguia.com.br\/site\/10-roubadas-orlando-cuidado-com-seus-pertences-6\/#breadcrumb","itemListElement":[{"@type":"ListItem","position":1,"name":"In\u00edcio","item":"https:\/\/www.disneyguia.com.br\/site\/"},{"@type":"ListItem","position":2,"name":"Roubadas em Orlando &#8211; Cuidado Com Seus Pertences"}]},{"@type":"WebSite","@id":"https:\/\/www.disneyguia.com.br\/site\/#website","url":"https:\/\/www.disneyguia.com.br\/site\/","name":"Disney Guia","description":"Dicas e Roteiros pra Disney e Orlando","potentialAction":[{"@type":"SearchAction","target":{"@type":"EntryPoint","urlTemplate":"https:\/\/www.disneyguia.com.br\/site\/?s={search_term_string}"},"query-input":{"@type":"PropertyValueSpecification","valueRequired":true,"valueName":"search_term_string"}}],"inLanguage":"en-US"}]}},"jetpack_sharing_enabled":true,"jetpack_likes_enabled":false,"_links":{"self":[{"href":"https:\/\/www.disneyguia.com.br\/site\/wp-json\/wp\/v2\/pages\/511","targetHints":{"allow":["GET"]}}],"collection":[{"href":"https:\/\/www.disneyguia.com.br\/site\/wp-json\/wp\/v2\/pages"}],"about":[{"href":"https:\/\/www.disneyguia.com.br\/site\/wp-json\/wp\/v2\/types\/page"}],"author":[{"embeddable":true,"href":"https:\/\/www.disneyguia.com.br\/site\/wp-json\/wp\/v2\/users\/3"}],"replies":[{"embeddable":true,"href":"https:\/\/www.disneyguia.com.br\/site\/wp-json\/wp\/v2\/comments?post=511"}],"version-history":[{"count":3,"href":"https:\/\/www.disneyguia.com.br\/site\/wp-json\/wp\/v2\/pages\/511\/revisions"}],"predecessor-version":[{"id":9703,"href":"https:\/\/www.disneyguia.com.br\/site\/wp-json\/wp\/v2\/pages\/511\/revisions\/9703"}],"wp:attachment":[{"href":"https:\/\/www.disneyguia.com.br\/site\/wp-json\/wp\/v2\/media?parent=511"}],"curies":[{"name":"wp","href":"https:\/\/api.w.org\/{rel}","templated":true}]}}