{"id":4240,"date":"2018-09-10T19:14:48","date_gmt":"2018-09-10T22:14:48","guid":{"rendered":"http:\/\/www.disneyguia.com.br\/site\/?page_id=4240"},"modified":"2018-09-10T19:31:00","modified_gmt":"2018-09-10T22:31:00","slug":"orlando-week","status":"publish","type":"page","link":"https:\/\/www.disneyguia.com.br\/site\/orlando-week\/","title":{"rendered":"Orlando Week &#8211; Como Fazer Seu Roteiro de Orlando"},"content":{"rendered":"<p style=\"text-align: justify;\">Ol\u00e1 pessoal! Hoje eu quero anunciar pra voc\u00eas a volta de um projeto que faz muito sucesso: A <strong>Orlando Week,<\/strong> uma s\u00e9rie de aulas gratuitas online onde eu vou te ensinar a montar o seu roteiro de viagem pra Orlando.<\/p>\n<p style=\"text-align: justify;\">Nessas aulas, eu vou compartilhar:<\/p>\n<ul>\n<li>Quais s\u00e3o os <strong>principais erros que as pessoas cometem<\/strong> em uma viagem a Orlando (e como evitar)<\/li>\n<li>Como <strong>montar a programa\u00e7\u00e3o<\/strong> da sua viagem<\/li>\n<li>Como pegar <strong>menos filas nos parques<\/strong><\/li>\n<li style=\"text-align: justify;\">Algumas <strong>estrat\u00e9gias que aprendi<\/strong> quando trabalhei na Disney como VIP Tour Guide<\/li>\n<li>E mais algumas informa\u00e7\u00f5es&#8230;.<\/li>\n<\/ul>\n<p style=\"text-align: justify;\">Essas estrat\u00e9gias j\u00e1 foram testadas e aplicadas por mim centenas de vezes e posso te garantir que elas FUNCIONAM!<\/p>\n<p style=\"text-align: justify;\">Ent\u00e3o se voc\u00ea est\u00e1 com <strong>dificuldades em fazer o seu roteiro, n\u00e3o sabe que dia ir em cada parque, n\u00e3o sabe por onde come\u00e7ar<\/strong> e quer saber mais sobre como deixar o seu roteiro redondinho para sua viagem ser perfeita, n\u00e3o deixe de participar da Orlando Week.<\/p>\n<h4><strong>O evento \u00e9 gratuito, <span style=\"color: #ff0000;\">de 24 a 28\u00a0de Setembro<\/span>, mas voc\u00ea precisa se inscrever atrav\u00e9s do formul\u00e1rio abaixo:<\/strong><\/h4>\n<div class=\"kartra_optin_containera87ff679a2f3e71d9181a67b7542122c\"><\/div>\n<p><script src=\"https:\/\/app.kartra.com\/optin\/Pxs4ZUe1nMoQ\"><\/script><\/p>\n<p>Se por acaso o formul\u00e1rio acima n\u00e3o funcionar,\u00a0<strong><a href=\"https:\/\/ananovais.krtra.com\/t\/TA5QmZEKcgoQ\"><span style=\"text-decoration: underline;\">clique AQUI!<\/span><\/a>\u00a0<\/strong><\/p>\n<p style=\"text-align: justify;\">N\u00e3o perca essa oportunidade de ter as f\u00e9rias perfeitas!<\/p>\n<p style=\"text-align: justify;\">E n\u00e3o deixe de se inscrever! <strong>S\u00f3 assim eu vou conseguir te avisar quando os v\u00eddeos da Orlando Week forem liberados!<\/strong><\/p>\n<p style=\"text-align: justify;\">At\u00e9 l\u00e1!<\/p>\n","protected":false},"excerpt":{"rendered":"<p>Ol\u00e1 pessoal! Hoje eu quero anunciar pra voc\u00eas a volta de um projeto que faz muito sucesso: A Orlando Week, uma s\u00e9rie de aulas gratuitas online onde eu vou te ensinar a montar o seu roteiro de viagem pra Orlando. Nessas aulas, eu vou compartilhar: Quais s\u00e3o os principais erros que as pessoas cometem em [&hellip;]<\/p>\n","protected":false},"author":3,"featured_media":7006,"parent":0,"menu_order":0,"comment_status":"closed","ping_status":"closed","template":"","meta":{"footnotes":""},"class_list":["post-4240","page","type-page","status-publish","has-post-thumbnail","hentry"],"yoast_head":"<!-- This site is optimized with the Yoast SEO Premium plugin v20.5 (Yoast SEO v26.9) - https:\/\/yoast.com\/product\/yoast-seo-premium-wordpress\/ -->\n<title>Orlando Week - Como Fazer Seu Roteiro de Orlando | Disney Guia<\/title>\n<meta name=\"robots\" content=\"index, follow, max-snippet:-1, max-image-preview:large, max-video-preview:-1\" \/>\n<link rel=\"canonical\" href=\"https:\/\/www.disneyguia.com.br\/site\/orlando-week\/\" \/>\n<meta property=\"og:locale\" content=\"en_US\" \/>\n<meta property=\"og:type\" content=\"article\" \/>\n<meta property=\"og:title\" content=\"Orlando Week - Como Fazer Seu Roteiro de Orlando\" \/>\n<meta property=\"og:description\" content=\"Ol\u00e1 pessoal! Hoje eu quero anunciar pra voc\u00eas a volta de um projeto que faz muito sucesso: A Orlando Week, uma s\u00e9rie de aulas gratuitas online onde eu vou te ensinar a montar o seu roteiro de viagem pra Orlando. Nessas aulas, eu vou compartilhar: Quais s\u00e3o os principais erros que as pessoas cometem em [&hellip;]\" \/>\n<meta property=\"og:url\" content=\"https:\/\/www.disneyguia.com.br\/site\/orlando-week\/\" \/>\n<meta property=\"og:site_name\" content=\"Disney Guia\" \/>\n<meta property=\"article:publisher\" content=\"https:\/\/www.facebook.com\/ananovais\" \/>\n<meta property=\"article:modified_time\" content=\"2018-09-10T22:31:00+00:00\" \/>\n<meta property=\"og:image\" content=\"https:\/\/i0.wp.com\/c3.disneyguia.com.br\/site\/wp-content\/uploads\/2018\/09\/10192117\/2018-CHAMADA-Orlando-Week.jpg?fit=700%2C400&ssl=1\" \/>\n\t<meta property=\"og:image:width\" content=\"700\" \/>\n\t<meta property=\"og:image:height\" content=\"400\" \/>\n\t<meta property=\"og:image:type\" content=\"image\/jpeg\" \/>\n<meta name=\"twitter:label1\" content=\"Est. reading time\" \/>\n\t<meta name=\"twitter:data1\" content=\"1 minute\" \/>\n<script type=\"application\/ld+json\" class=\"yoast-schema-graph\">{\"@context\":\"https:\/\/schema.org\",\"@graph\":[{\"@type\":\"WebPage\",\"@id\":\"https:\/\/www.disneyguia.com.br\/site\/orlando-week\/\",\"url\":\"https:\/\/www.disneyguia.com.br\/site\/orlando-week\/\",\"name\":\"Orlando Week - Como Fazer Seu Roteiro de Orlando | Disney Guia\",\"isPartOf\":{\"@id\":\"https:\/\/www.disneyguia.com.br\/site\/#website\"},\"primaryImageOfPage\":{\"@id\":\"https:\/\/www.disneyguia.com.br\/site\/orlando-week\/#primaryimage\"},\"image\":{\"@id\":\"https:\/\/www.disneyguia.com.br\/site\/orlando-week\/#primaryimage\"},\"thumbnailUrl\":\"https:\/\/i0.wp.com\/c3.disneyguia.com.br\/site\/wp-content\/uploads\/2018\/09\/10192117\/2018-CHAMADA-Orlando-Week.jpg?fit=700%2C400&ssl=1\",\"datePublished\":\"2018-09-10T22:14:48+00:00\",\"dateModified\":\"2018-09-10T22:31:00+00:00\",\"breadcrumb\":{\"@id\":\"https:\/\/www.disneyguia.com.br\/site\/orlando-week\/#breadcrumb\"},\"inLanguage\":\"en-US\",\"potentialAction\":[{\"@type\":\"ReadAction\",\"target\":[\"https:\/\/www.disneyguia.com.br\/site\/orlando-week\/\"]}]},{\"@type\":\"ImageObject\",\"inLanguage\":\"en-US\",\"@id\":\"https:\/\/www.disneyguia.com.br\/site\/orlando-week\/#primaryimage\",\"url\":\"https:\/\/i0.wp.com\/c3.disneyguia.com.br\/site\/wp-content\/uploads\/2018\/09\/10192117\/2018-CHAMADA-Orlando-Week.jpg?fit=700%2C400&ssl=1\",\"contentUrl\":\"https:\/\/i0.wp.com\/c3.disneyguia.com.br\/site\/wp-content\/uploads\/2018\/09\/10192117\/2018-CHAMADA-Orlando-Week.jpg?fit=700%2C400&ssl=1\",\"width\":700,\"height\":400},{\"@type\":\"BreadcrumbList\",\"@id\":\"https:\/\/www.disneyguia.com.br\/site\/orlando-week\/#breadcrumb\",\"itemListElement\":[{\"@type\":\"ListItem\",\"position\":1,\"name\":\"In\u00edcio\",\"item\":\"https:\/\/www.disneyguia.com.br\/site\/\"},{\"@type\":\"ListItem\",\"position\":2,\"name\":\"Orlando Week &#8211; Como Fazer Seu Roteiro de Orlando\"}]},{\"@type\":\"WebSite\",\"@id\":\"https:\/\/www.disneyguia.com.br\/site\/#website\",\"url\":\"https:\/\/www.disneyguia.com.br\/site\/\",\"name\":\"Disney Guia\",\"description\":\"Dicas e Roteiros pra Disney e Orlando\",\"potentialAction\":[{\"@type\":\"SearchAction\",\"target\":{\"@type\":\"EntryPoint\",\"urlTemplate\":\"https:\/\/www.disneyguia.com.br\/site\/?s={search_term_string}\"},\"query-input\":{\"@type\":\"PropertyValueSpecification\",\"valueRequired\":true,\"valueName\":\"search_term_string\"}}],\"inLanguage\":\"en-US\"}]}<\/script>\n<!-- \/ Yoast SEO Premium plugin. -->","yoast_head_json":{"title":"Orlando Week - Como Fazer Seu Roteiro de Orlando | Disney Guia","robots":{"index":"index","follow":"follow","max-snippet":"max-snippet:-1","max-image-preview":"max-image-preview:large","max-video-preview":"max-video-preview:-1"},"canonical":"https:\/\/www.disneyguia.com.br\/site\/orlando-week\/","og_locale":"en_US","og_type":"article","og_title":"Orlando Week - Como Fazer Seu Roteiro de Orlando","og_description":"Ol\u00e1 pessoal! Hoje eu quero anunciar pra voc\u00eas a volta de um projeto que faz muito sucesso: A Orlando Week, uma s\u00e9rie de aulas gratuitas online onde eu vou te ensinar a montar o seu roteiro de viagem pra Orlando. Nessas aulas, eu vou compartilhar: Quais s\u00e3o os principais erros que as pessoas cometem em [&hellip;]","og_url":"https:\/\/www.disneyguia.com.br\/site\/orlando-week\/","og_site_name":"Disney Guia","article_publisher":"https:\/\/www.facebook.com\/ananovais","article_modified_time":"2018-09-10T22:31:00+00:00","og_image":[{"width":700,"height":400,"url":"https:\/\/i0.wp.com\/c3.disneyguia.com.br\/site\/wp-content\/uploads\/2018\/09\/10192117\/2018-CHAMADA-Orlando-Week.jpg?fit=700%2C400&ssl=1","type":"image\/jpeg"}],"twitter_misc":{"Est. reading time":"1 minute"},"schema":{"@context":"https:\/\/schema.org","@graph":[{"@type":"WebPage","@id":"https:\/\/www.disneyguia.com.br\/site\/orlando-week\/","url":"https:\/\/www.disneyguia.com.br\/site\/orlando-week\/","name":"Orlando Week - Como Fazer Seu Roteiro de Orlando | Disney Guia","isPartOf":{"@id":"https:\/\/www.disneyguia.com.br\/site\/#website"},"primaryImageOfPage":{"@id":"https:\/\/www.disneyguia.com.br\/site\/orlando-week\/#primaryimage"},"image":{"@id":"https:\/\/www.disneyguia.com.br\/site\/orlando-week\/#primaryimage"},"thumbnailUrl":"https:\/\/i0.wp.com\/c3.disneyguia.com.br\/site\/wp-content\/uploads\/2018\/09\/10192117\/2018-CHAMADA-Orlando-Week.jpg?fit=700%2C400&ssl=1","datePublished":"2018-09-10T22:14:48+00:00","dateModified":"2018-09-10T22:31:00+00:00","breadcrumb":{"@id":"https:\/\/www.disneyguia.com.br\/site\/orlando-week\/#breadcrumb"},"inLanguage":"en-US","potentialAction":[{"@type":"ReadAction","target":["https:\/\/www.disneyguia.com.br\/site\/orlando-week\/"]}]},{"@type":"ImageObject","inLanguage":"en-US","@id":"https:\/\/www.disneyguia.com.br\/site\/orlando-week\/#primaryimage","url":"https:\/\/i0.wp.com\/c3.disneyguia.com.br\/site\/wp-content\/uploads\/2018\/09\/10192117\/2018-CHAMADA-Orlando-Week.jpg?fit=700%2C400&ssl=1","contentUrl":"https:\/\/i0.wp.com\/c3.disneyguia.com.br\/site\/wp-content\/uploads\/2018\/09\/10192117\/2018-CHAMADA-Orlando-Week.jpg?fit=700%2C400&ssl=1","width":700,"height":400},{"@type":"BreadcrumbList","@id":"https:\/\/www.disneyguia.com.br\/site\/orlando-week\/#breadcrumb","itemListElement":[{"@type":"ListItem","position":1,"name":"In\u00edcio","item":"https:\/\/www.disneyguia.com.br\/site\/"},{"@type":"ListItem","position":2,"name":"Orlando Week &#8211; Como Fazer Seu Roteiro de Orlando"}]},{"@type":"WebSite","@id":"https:\/\/www.disneyguia.com.br\/site\/#website","url":"https:\/\/www.disneyguia.com.br\/site\/","name":"Disney Guia","description":"Dicas e Roteiros pra Disney e Orlando","potentialAction":[{"@type":"SearchAction","target":{"@type":"EntryPoint","urlTemplate":"https:\/\/www.disneyguia.com.br\/site\/?s={search_term_string}"},"query-input":{"@type":"PropertyValueSpecification","valueRequired":true,"valueName":"search_term_string"}}],"inLanguage":"en-US"}]}},"jetpack_sharing_enabled":true,"jetpack_likes_enabled":false,"_links":{"self":[{"href":"https:\/\/www.disneyguia.com.br\/site\/wp-json\/wp\/v2\/pages\/4240","targetHints":{"allow":["GET"]}}],"collection":[{"href":"https:\/\/www.disneyguia.com.br\/site\/wp-json\/wp\/v2\/pages"}],"about":[{"href":"https:\/\/www.disneyguia.com.br\/site\/wp-json\/wp\/v2\/types\/page"}],"author":[{"embeddable":true,"href":"https:\/\/www.disneyguia.com.br\/site\/wp-json\/wp\/v2\/users\/3"}],"replies":[{"embeddable":true,"href":"https:\/\/www.disneyguia.com.br\/site\/wp-json\/wp\/v2\/comments?post=4240"}],"version-history":[{"count":0,"href":"https:\/\/www.disneyguia.com.br\/site\/wp-json\/wp\/v2\/pages\/4240\/revisions"}],"wp:featuredmedia":[{"embeddable":true,"href":"https:\/\/www.disneyguia.com.br\/site\/wp-json\/wp\/v2\/media\/7006"}],"wp:attachment":[{"href":"https:\/\/www.disneyguia.com.br\/site\/wp-json\/wp\/v2\/media?parent=4240"}],"curies":[{"name":"wp","href":"https:\/\/api.w.org\/{rel}","templated":true}]}}